516?
3515
In base 14, what is -4cca - 15?
-4d01
In base 12, what is b6597 + -1a?
b6579
In base 7, what is -2452 + -36?
-2521
In base 12, what is -13b + 124?
-17
In base 14, what is ab + 395?
462
In base 12, what is 7 + -28a85?
-28a7a
In base 2, what is 10000100111110 + -1100000?
10000011011110
In base 12, what is 18 + -746?
-72a
In base 15, what is 2 - ad8ce?
-ad8cc
In base 12, what is 6245 + -7?
623a
In base 16, what is -5bd + -69?
-626
In base 5, what is -20242101 + -11?
-20242112
In base 5, what is -12341231 - -1?
-12341230
In base 12, what is -1b + 1429?
140a
In base 4, what is -312 + -200131?
-201103
In base 14, what is -b - -2895?
2888
In base 13, what is -2053 + b6?
-1c6a
In base 10, what is -7036 - -8?
-7028
In base 12, what is b9b49 + -5?
b9b44
In base 4, what is 11102001 + 21?
11102022
In base 8, what is 723 - -32?
755
In base 8, what is 5 - 410631?
-410624
In base 11, what is -4 - -1624a9?
1624a5
In base 12, what is 3104 + 61?
3165
In base 15, what is 8c - -ac?
149
In base 13, what is 19908c - 0?
19908c
In base 10, what is -867 - 6?
-873
In base 15, what is -6499 + 10?
-6489
In base 3, what is -121011210 + -21001?
-121102211
In base 7, what is -41456 + 2?
-41454
In base 12, what is -2b619 + -28?
-2b645
In base 4, what is 1202012211 + 1?
1202012212
In base 12, what is 2 + 1a3078?
1a307a
In base 9, what is 315 + 62?
377
In base 5, what is 23424 - -3?
23432
In base 5, what is 11332422 - -21?
11332443
In base 13, what is 217b + 5?
2183
In base 7, what is -212 - 2362?
-2604
In base 14, what is -7b13 + 6a?
-7a87
In base 9, what is 16 - 312716?
-312700
In base 11, what is -24669 + 3?
-24666
In base 3, what is 2010112021 - 101?
2010111220
In base 7, what is -221142 + 4?
-221135
In base 14, what is -3 + 68dd2?
68dcd
In base 16, what is 17ddb - 0?
17ddb
In base 11, what is 0 + 1a9901?
1a9901
In base 6, what is -1305214 + -2?
-1305220
In base 2, what is 110111010100 + 11111?
110111110011
In base 2, what is -100101101011010 + 1?
-100101101011001
In base 2, what is -1011110001 + -10101110?
-1110011111
In base 7, what is 234035 + -4?
234031
In base 14, what is 2 - 240d9?
-240d7
In base 14, what is -1239 - 6?
-1241
In base 12, what is -7b2 - 8a2?
-1494
In base 13, what is -26420 - 4?
-26424
In base 10, what is -57 + 1450?
1393
In base 15, what is -a - 265aa?
-265b5
In base 3, what is 1211210020210 + 1?
1211210020211
In base 11, what is -2a - 19a78?
-19aa7
In base 7, what is 114 - -5054?
5201
In base 3, what is 1 + 11022010?
11022011
In base 14, what is -244ab - -7?
-244a4
In base 15, what is -e4 + 9?
-da
In base 16, what is -4e - 2e1?
-32f
In base 15, what is 0 + 8d53c?
8d53c
In base 11, what is 1 - -270912?
270913
In base 9, what is -2205 + 651?
-1444
In base 16, what is 3b7 + -15?
3a2
In base 14, what is -6339d9 + -4?
-6339dd
In base 14, what is 2ac3 - -7?
2aca
In base 12, what is 7 + -96a9?
-96a2
In base 6, what is 121411 + 30?
121441
In base 15, what is -10129 - 1?
-1012a
In base 14, what is 1a + 27d1?
280b
In base 8, what is 15212 + 607?
16021
In base 14, what is -68bb - -5?
-68b6
In base 5, what is -221122 + 44?
-221023
In base 12, what is 1423 + -15?
140a
In base 13, what is 2019 + -70?
1c79
In base 11, what is 2a + 544?
573
In base 4, what is 20 - 133110212?
-133110132
In base 2, what is -110110011 - -10001101001100?
10000110011001
In base 14, what is -19 + da19?
da00
In base 14, what is -570 + -13?
-583
In base 16, what is -13d7 + -4?
-13db
In base 4, what is 101 - -1030102132?
1030102233
In base 9, what is 0 - -8443?
8443
In base 6, what is -1240 - 340?
-2020
In base 2, what is -10 - 110101100?
-110101110
In base 12, what is -395 - -1?
-394
In base 12, what is -50 + b2?
62
In base 11, what is -3 - -297122?
29711a
In base 6, what is 1113411 + -5?
1113402
In base 14, what is -3dbc + -4?
-3dc2
In base 8, what is -331760 - -6?
-331752
In base 11, what is -30913 + 5?
-30909
In base 3, what is 110110 - 20120022?
-20002212
In base 6, what is 34350011 + 1?
34350012
In base 8, what is -471 - -4663?
4172
In base 3, what is 2222202202011 + -10?
2222202202001
In base 12, what is 4 - -7865a?
78662
In base 10, what is -47075 + -7?
-47082
In base 9, what is -80 + -4524?
-4614
In base 13, what is 17b905 - 3?
17b902
In base 5, what is 12 - 232431?
-232414
In base 5, what is 3130 - -13102?
21232
In base 3, what is -12 - -122201?
122112
In base 12, what is 1751 + -855?
ab8
In base 12, what is 68b51b + 1?
68b520
In base 7, what is -6 - -133453?
133444
In base 4, what is 1220122 - 211?
1213311
In base 15, what is bc + 4b?
118
In base 14, what is 39aa + 3?
39ad
In base 13, what is 48cc + -13?
48b9
In base 7, what is 4 - -5515?
5522
In base 14, what is -24b - -5?
-246
In base 16, what is 2 - -518c5?
518c7
In base 13, what is -20 + 2c263?
2c243
In base 12, what is 42 + 277?
2b9
In base 8, what is -21662 + 1512?
-20150
In base 16, what is 5 - 1cd?
-1c8
In base 4, what is 100333 + 103?
101102
In base 15, what is 1 - 86663?
-86662
In base 15, what is -46e4 - 9?
-46ed
In base 6, what is 1 - -23232121?
23232122
In base 10, what is -71 - -14?
-57
In base 15, what is -328b7 + -4?
-328bb
In base 9, what is 5 + 1267087?
1267103
In base 14, what is -16896 + 4?
-16892
In base 2, what is -1001110101100111001 - -101?
-1001110101100110100
In base 14, what is -3 + -40839?
-4083c
In base 10, what is -4 + -372069?
-372073
In base 8, what is 0 + -7657?
-7657
In base 10, what is -5 + 20393?
20388
In base 11, what is 2 - 3014?
-3012
In base 3, what is -10 + 21200111122?
21200111112
In base 11, what is 4318 + 1?
4319
In base 11, what is -23216 - -1?
-23215
In base 5, what is -3 - 23133441?
-23133444
In base 13, what is 3b7786 - -2?
3b7788
In base 2, what is 1001011010001 + -1001101?
1001010000100
In base 3, what is -1 - 2020211202?
-2020211210
In base 9, what is -1060612 + -5?
-1060617
In base 3, what is -212 + -2222121100?
-2222122012
In base 5, what is 2 + -12314404?
-12314402
In base 14, what is 2 - -9334?
9336
In base 12, what is -b247 - 10?
-b257
In base 4, what is -132 + 1122113?
1121321
In base 12, what is 205 - b?
1b6
In base 15, what is -12798 - 13?
-127ab
In base 5, what is -344 - 2130?
-3024
In base 15, what is 19ca + 38a?
1d65
In base 5, what is 134031430 + 1?
134031431
In base 9, what is -23886 - -7?
-23878
In base 2, what is 10111000000101 + 11110?
10111000100011
In base 5, what is -3133211 - -13?
-3133143
In base 4, what is 112200 + 121?
112321
In base 16, what is -2ec + 40?
-2ac
In base 10, what is 78 + 78?
156
In base 15, what is -7b8e - 26?
-7bb5
In base 7, what is 22145 - -63?
22241
In base 9, what is -10 - -6851?
6841
In base 15, what is 816 - 118?
6ed
In base 4, what is 20233 + 3131?
30030
In base 2, what is -1 + -10001000011111011?
-10001000011111100
In base 4, what is -10201 + -1331?
-12132
In base 11, what is -15 - -2853?
2839
In base 16, what is -18c162 + 2?
-18c160
In base 4, what is -211 + 321331?
321120
In base 2, what is 1101000101110100 + -1110?
1101000101100110
In base 15, what is -5 + 128d7?
128d2
In base 9, what is -4825 + -670?
-5605
In base 13, what is -1b + 11254?
11236
In base 6, what is 3 - 220202?
-220155
In base 4, what is 2 + 2201022032?
2201022100
In base 3, what is 12 + 10101122011?
10101122100
In base 8, what is 2754 + -134?
2620
In base 7, what is 41263521 - -4?
41263525
In base 4, what is 11 - 31123301?
-31123230
In base 9, what is -5 + 5038?
5033
In base 12, what is 65459 + 0?
65459
In base 2, what is 100110 + -10001101010010?
-10001100101100
In base 6, what is 3 - -43001?
43004
In base 7, what is 2315 + -145?
2140
In base 3, what is -110122011 - 221?
-110200002
In base 16, what is -1473 - -3?
-1470
In base 16, what is 319 + -162?
1b7
In base 3, what is 0 + 102211120222?
102211120222
In base 15, what is 26a2 - -3?
26a5
In base 12, what is -1 + -23a444?
-23a445
In base 14, what is -1 - -4db6d?
4db6c
In base 3, what is 101 + 1012100000?
1012100101
In base 14, what is d8 - 249?
-151
In base 11, what is -29265 - 2?
-29267
In base 15, what is -32 + 9b6?
984
In base 12, what is 842a - 2?
8428
In base 8, what is 46 + 712?
760
In base 10, what is 67124 - 0?
67124
In base 3, what is 11 - 202100121?
-202100110
In base 5, what is 1131 + -21?
1110
In base 14, what is 2 + -1353?
-1351
In base 9, what is -166274 + 5?
-166268
In base 6, what is 